t r be z(-6). Let i = -3 - -5. Let u(n) = 3*n**i - 5*n**3 - n**2 - 1 - n**2 - n + 3*n**3. Determine u(r).
3
Let i(z) be the first derivative of 11*z**4/4 - z**2 - z + 16. Determine i(-1).
-10
Let x(o) be the second derivative of o**3/6 - 6*o. Calculate x(0).
0
Let j(t) = 4*t + 1. Let v(a) = 13*a**2 + a. Let z be v(1). Suppose 4*f - 11 = -d + z, 21 = 3*f + 3*d. Suppose -f = 5*g - 1. What is j(g)?
-3
Suppose -21 = x - 0*x + 4*h, x = h + 4. Let q be (0/((-9)/3))/x. Let z(t) = 2*t + q - 2 - t. What is z(0)?
-2
Let l(s) = 3*s + 58. Let d be l(-20). Let p(a) = -8*a - 2. Determine p(d).
14
Let d(t) = -t**2 - 1. Let r(l) = -2*l**2 + l - 2. Let a(i) = 9*d(i) - 4*r(i). Give a(-3).
2
Let z = -5 + 7. Let c(j) = 2 - z + j - 2. Let w be 0 + -2 - (-4 + -2). Determine c(w).
2
Suppose 5*d - 6 = o, 0 = -o + 4*o - d + 18. Let h(w) = -w - 2. Determine h(o).
4
Let l(r) = -r**2 - r + 1. Let x(d) = 3*d**2 + 6*d + 1. Let i(j) = -2*l(j) - x(j). Determine i(-3).
0
Let d(n) = 6 - 4*n**2 - 3*n - 4*n + 2*n**3 - n**3. Let o = -5 + 10. Give d(o).
-4
Let h(j) = 3*j - 2*j - 2*j - 12 + 0*j. Give h(-12).
0
Let y(r) = -10*r**2 + r. Suppose -4*o - 3*m + 1 = -10, -2 = -2*m. Let n be o + -4 + 2 - -1. What is y(n)?
-9
Let m be -3 + (1 - 9/(-3)). Let k(j) = -j + 3*j + m - 1 - 2. Calculate k(-4).
-10
Suppose -3*p = 2*p - 5. Suppose 0 = 4*r - 7*a + 2*a - 12, -4*a = 4*r - 48. Let k(v) = 2 - p - r*v + 5*v. Give k(1).
-2
Let s be 3 - (6/(-4))/((-3)/4). Let x(r) be the third derivative of r**6/30 + r**5/60 - r**4/12 + r**3/6 - r**2. Determine x(s).
4
Let n(s) = s + 2. Let b = 30 + -11. Suppose 3*a + b = -2. Calculate n(a).
-5
Suppose 4*m - 5 = -i - 19, -20 = 4*m + 4*i. Let l(a) = -3*a + 2. Give l(m).
11
Let d(o) = -o + 5. Let l be d(3). Let j(g) = -g - 2*g**l + 2*g**3 + 7*g**2 - 3*g**2. Let c be 0 + (-1)/(1/2). Determine j(c).
-6
Let t(w) = -w - 4. Let m be 8/2 - -1*1. Let n(x) be the third derivative of x**4/24 - 3*x**3/2 - 3*x**2. Let u be n(m). What is t(u)?
0
Let j(a) be the second derivative of a**3/6 - 3*a**2/2 - 13*a. What is j(4)?
1
Let v(m) = m**3 - 8*m**2 + 7*m - 3. Let l be v(7). Let r(u) = u**3 + 3*u**2 - 2*u + 3. Give r(l).
9
Let m(o) be the first derivative of 1/3*o**3 - 5*o + 2*o**2 - 3. Determine m(-5).
0
Let x(d) be the third derivative of d**5/60 - d**4/24 - 2*d**3/3 + d**2. Let p = -297 + 294. Calculate x(p).
8
Let w = -17 - -28. Let x(t) = t**3 - 12*t**2 + 12*t - 6. Give x(w).
5
Let h(p) = 2*p - 5. Let m be ((-4)/8)/((-1)/(-10)). Let u = -2 - m. Suppose -4*k = -0*k + 3*o - 26, -3*k + u*o = -9. Give h(k).
5
Let j(o) = 5*o + 2. Let a(s) = 14*s + 5. Let q(g) = 6*a(g) - 17*j(g). Let k(p) = -p**3 - 8*p**2 + 8*p - 3. Let t be k(-9). Let f = t + -2. Give q(f).
-8
Let c be 3 + (3 - 4)/1. Suppose c*h = -u - 7, -5*h - 27 = -5*u + 28. Let g(s) = s + 8. Calculate g(h).
2
Let f(c) = c**3 + c**2. Let m be f(-1). Let y(h) = 0*h**2 - 3*h**3 + 2*h**3 - 4*h**2 + m*h**2 - 1. Determine y(-4).
-1
Let r = -3 - -2. Let v = 20 - 18. Let c(t) = -1 - v*t**2 + 0 - 2*t + 3*t**3 + 0*t**3. Calculate c(r).
-4
Suppose -w = 2*w. Suppose w = 3*f - 0*f + 12. Let h(c) = -c**3 - 5*c**2 - 5*c - 3. Determine h(f).
1
Suppose 4*l = 6*l. Let f(p) = -2*p**2 + 9*p + 7. Let v(a) = a**2 - 5*a - 4. Let h(j) = -4*f(j) - 7*v(j). Calculate h(l).
0
Let f(m) = -13 + 166*m + m**3 - 10*m**2 - 79*m - 77*m. What is f(9)?
-4
Let m be 2*(-1)/5*-5. Let l(i) = 0 + 0*i**m + 0 - 5*i - 2 + i**2. Calculate l(4).
-6
Let s(y) = -7*y**2 + 2*y + 5. Let g(f) = -13*f**2 + 5*f + 10. Let r(l) = 6*g(l) - 11*s(l). Let v be r(8). Let k(j) = -3*j + 4*j - 48 + 37. Determine k(v).
-6
Let o(s) = -s**2 - 4*s - 1. Let v(b) = b**2 - 3*b - 2. Let g be v(3). Calculate o(g).
3
Let w(h) be the second derivative of -5*h**3/6 - h**2 - 12*h. Let b = -3 - 1. Give w(b).
18
Let x(u) = -u + 2. Let v(d) = -d**3 - 4*d**2 - 4*d - 2. Suppose -o - 3 + 1 = 0. Let w be v(o). Give x(w).
4
Let c(v) = -2*v**2 + 2. Suppose -4*o = -3*u + 8, -o = -3*u - 0*u + 2. Suppose -36 = -2*m - u. Let y be 2*3/m*6. What is c(y)?
-6
Let q(f) = -f**2 - 5*f - 3. Suppose -2*i = -k + 11, 0*i + 3*i = -3. Let d = 4 - k. Determine q(d).
-3
Let j(n) = -n**2 + 7*n + 4. Let r be j(5). Let q(c) = -c**2 + 14*c + 7. Calculate q(r).
7
Let a(x) = 3*x + 3 + 4 - 3 - 5 - x**2. Determine a(5).
-11
Let a(c) = 9*c**2. Let b be (1 - -1)*12/(-24). Determine a(b).
9
Let t(s) = s + 4. Let m be t(-3). Let q = -3 + m. Let i(n) = n**3 - n**2 - 2*n - 1. Calculate i(q).
-9
Let d(c) be the third derivative of -1/12*c**4 + 4*c**2 - 1/12*c**5 + 0*c + 0*c**3 + 0 - 1/120*c**6. What is d(-2)?
-8
Let o(s) = 1 - 14*s + 7*s + 10*s + 1. Let c(n) = -n + 2. Let u be c(4). Determine o(u).
-4
Suppose 0 = 5*v - 2*v. Suppose -a = -v*a - 3. Let f(r) = 6*r**2 - r - 4*r**3 - 7*r**2 + 1 + r**a. Give f(1).
-4
Suppose -53*g + 56*g - 6 = 0. Let n(s) = -4*s - 2. Give n(g).
-10
Let n(y) = y**2 - y. Let p(o) be the second derivative of 7*o**4/12 + o**3 + o**2/2 - 4*o. Let a(x) = -4*n(x) - p(x). What is a(-1)?
-10
Let d(y) = 15*y**2 - 27*y**2 + 1 + 14*y**2 - 2*y. What is d(2)?
5
Suppose 12*o - 27 = 21*o. Let y(n) = n**3 - n - 1. Give y(o).
-25
Let r(i) be the third derivative of i**4/24 + i**3/3 + 8*i**2. What is r(-4)?
-2
Let v(i) = -i**2 - 3*i + 3. Let b(m) = -m**2 - m + 15. Let z be b(4). What is v(z)?
-7
Let q(s) be the first derivative of -s**4/24 - 3*s**2 - 7. Let v(g) be the second derivative of q(g). Let h = 1 + 0. Determine v(h).
-1
Let i(v) be the first derivative of -1 - 1/2*v**2 - 5*v. Suppose 2*z = -2*z - 16. Determine i(z).
-1
Let x(w) = -w**2 - 6*w - 2. Suppose -z = z + 6. Calculate x(z).
7
Suppose w - 3*q = -4*q + 2, -w + 18 = -3*q. Suppose -5*b = w + 4. Let o(z) = z**2 - 2*z - 2. Give o(b).
6
Let h(x) = 4*x**3 + 2*x**2 - 2*x + 1. Let q(g) = -g**3 - 6*g**2 - g - 5. Let f = -15 + 9. Let y be q(f). Calculate h(y).
5
Let z(f) be the third derivative of -1/24*f**4 - 1/3*f**3 + 3*f**2 + 0*f + 0. Give z(3).
-5
Let o(g) = -7*g + 1. Let c(r) = -15*r + 3. Let h(d) = d - 5. Let v be h(10). Let a(n) = v*o(n) - 2*c(n). Let x be ((-2)/3)/(2/3). Determine a(x).
4
Let v(d) = 2 - d**2 + 4*d + 2*d**2 - 4 - 3. Let s be (2/((-2)/(-5)))/(-1). Give v(s).
0
Let c(m) = -6*m**2 - 16*m + 16. Let u(z) = -z**2 - 3*z + 3. Let b(d) = 4*c(d) - 22*u(d). Give b(2).
-6
Let p(n) = -n + 12. Let s be -2 + (4 - -1) + 24/(-8). Determine p(s).
12
Let r = 34 - 23. Let j(s) = 2*s**2 - 13*s + 11. Let x(f) = -f**2 + 7*f - 6. Let a(u) = r*x(u) + 6*j(u). Let y be 1*(-6 - -2 - -6). What is a(y)?
2
Let q(g) = g + 1. Suppose 0 = -5*p - 4*s + 24, -3*s = -4*p - 0*s + 13. Suppose -p*y + y = 4*i, 5*y = i. Calculate q(i).
1
Suppose 3 = c - 0, 0 = 2*b - c - 5. Let t(l) = 2*l + l**2 - b + 3*l + 2. What is t(-6)?
4
Let q(u) be the first derivative of -u**4/4 - 5*u**3/3 - u**2/2 - 7*u - 2. Determine q(-5).
-2
Let s(u) = u**2 - 3*u - 6. Let t be s(4). Let v(b) be the second derivative of -b**3/2 - b**2 - 5*b. Determine v(t).
4
Let k(h) be the first derivative of 1/3*h**3 - 5/2*h**2 - 8*h + 5. Determine k(6).
-2
Let l(a) = -2 - 3 + 0*a**3 + 4 - 3*a**3. Give l(-1).
2
Let a(t) = 2*t - 3. Let x be 3*2*26/(-6). Let c = 9 + x. Let m be (-12)/18 - c/3. What is a(m)?
7
Suppose o - 29 = -2*o + 4*p, 13 = o - 2*p. Suppose o*k - 4*k = 2. Let d(l) be the second derivative of 5*l**3/6 + l**2 + l. Calculate d(k).
-8
Let x(m) = -7*m**3 - 7*m**2 - 17*m - 13. Let z(w) = -11*w**3 - 10*w**2 - 26*w - 20. Let s(u) = 8*x(u) - 5*z(u). What is s(-5)?
1
Let v(m) = -m**2 + 2. Let d be 2 + (-1)/(0 - 1). Suppose x = -3*y + 1 + 2, 9 = -5*x - d*y. Calculate v(x).
-7
Let f(m) = -m + 2. Let w(y) = -3*y + 8. Let q(x) = -7*f(x) + 2*w(x). Calculate q(-5).
-3
Let q(k) = -k**2 - 4*k - 3. Let p(m) = -m + 1. Let o(f) = 2*p(f) + q(f). Calculate o(-6).
-1
Let x be 15*-1*8/(-6). Suppose -b = 4*b - x. Let t(n) = 6 - n**3 + 283*n + 0*n**3 + 0*n**2 - 288*n + 5*n**2. Calculate t(b).
2
Let z be 150/22 - 4/(-22). Suppose -2*o + 1 + z = 0. Let p(r) = 6*r - 3*r - 2*r - 2*r. Calculate p(o).
-4
Let n be (-7)/(-14)*(1 - 1). Let k be (-36)/(-9) - (n + 2). Suppose 8 = 5*h + k*c, -5 - 4 = -5*h - c. Let m(r) = r**3 - r**2 - 2*r + 2. Calculate m(h).
2
Let s be 9 - 1*(6 - 3). Let d(l) = -6 + 4*l + s. Determine d(-2).
-8
Suppose -2 = 5*u - 22. Let h(d) = -3*d + 4*d - 3 + d. Calculate h(u).
5
Let n be ((-3)/(-2))/(15/40). Let w(l) = -3*l +